41
What is the remainder when 5574 is divided by 67?
13
What is the remainder when 47583 is divided by 14?
11
What is the remainder when 1061 is divided by 183?
146
Calculate the remainder when 14145 is divided by 1955.
460
Calculate the remainder when 45209 is divided by 15068.
5
Calculate the remainder when 41029 is divided by 10093.
657
Calculate the remainder when 865 is divided by 6.
1
Calculate the remainder when 119809 is divided by 389.
386
Calculate the remainder when 13738 is divided by 80.
58
What is the remainder when 78350 is divided by 332?
330
Calculate the remainder when 1360 is divided by 11.
7
What is the remainder when 2628 is divided by 2551?
77
Calculate the remainder when 8614 is divided by 12.
10
What is the remainder when 16166 is divided by 64?
38
What is the remainder when 179 is divided by 178?
1
Calculate the remainder when 7040 is divided by 545.
500
What is the remainder when 4403 is divided by 47?
32
Calculate the remainder when 2780 is divided by 180.
80
Calculate the remainder when 4315 is divided by 120.
115
What is the remainder when 56091 is divided by 4312?
35
Calculate the remainder when 2495 is divided by 581.
171
What is the remainder when 7302 is divided by 3610?
82
What is the remainder when 639043 is divided by 9985?
3
What is the remainder when 1119 is divided by 1056?
63
What is the remainder when 2438 is divided by 66?
62
Calculate the remainder when 3136 is divided by 698.
344
What is the remainder when 3031026 is divided by 13?
11
What is the remainder when 349245 is divided by 29?
27
What is the remainder when 2174 is divided by 181?
2
What is the remainder when 14118 is divided by 79?
56
Calculate the remainder when 30659 is divided by 74.
23
Calculate the remainder when 5998 is divided by 315.
13
Calculate the remainder when 24407 is divided by 75.
32
Calculate the remainder when 112954 is divided by 278.
86
Calculate the remainder when 1739536 is divided by 723.
721
Calculate the remainder when 6485 is divided by 2025.
410
Calculate the remainder when 857 is divided by 93.
20
Calculate the remainder when 35612 is divided by 111.
92
What is the remainder when 993 is divided by 635?
358
Calculate the remainder when 386 is divided by 338.
48
Calculate the remainder when 118726 is divided by 67.
2
Calculate the remainder when 153178 is divided by 30.
28
What is the remainder when 8824269 is divided by 12?
9
What is the remainder when 56215 is divided by 7?
5
What is the remainder when 3992 is divided by 174?
164
What is the remainder when 6402031 is divided by 811?
808
What is the remainder when 40378 is divided by 8075?
3
What is the remainder when 3757 is divided by 8?
5
What is the remainder when 56544 is divided by 8060?
124
Calculate the remainder when 168214 is divided by 8853.
7
Calculate the remainder when 68950 is divided by 2.
0
What is the remainder when 5972 is divided by 2928?
116
Calculate the remainder when 7415 is divided by 12.
11
Calculate the remainder when 181809 is divided by 55.
34
Calculate the remainder when 9522 is divided by 9174.
348
What is the remainder when 51109 is divided by 1344?
37
What is the remainder when 43072 is divided by 119?
113
Calculate the remainder when 2653575 is divided by 3.
0
Calculate the remainder when 332 is divided by 37.
36
What is the remainder when 1461 is divided by 721?
19
What is the remainder when 1899 is divided by 629?
12
Calculate the remainder when 2767 is divided by 9.
4
What is the remainder when 7061 is divided by 3517?
27
Calculate the remainder when 40242 is divided by 187.
37
Calculate the remainder when 4437 is divided by 22.
15
What is the remainder when 107022 is divided by 53511?
0
Calculate the remainder when 5917 is divided by 5916.
1
Calculate the remainder when 22894 is divided by 57.
37
What is the remainder when 6045 is divided by 22?
17
Calculate the remainder when 3150 is divided by 162.
72
Calculate the remainder when 32273 is divided by 205.
88
What is the remainder when 2436 is divided by 1015?
406
What is the remainder when 2237222 is divided by 821?
818
What is the remainder when 1459 is divided by 663?
133
What is the remainder when 55 is divided by 11?
0
What is the remainder when 4312 is divided by 1386?
154
Calculate the remainder when 275219 is divided by 417.
416
What is the remainder when 5636 is divided by 1725?
461
What is the remainder when 43109 is divided by 136?
133
Calculate the remainder when 64608 is divided by 7.
5
What is the remainder when 49929 is divided by 1062?
15
Calculate the remainder when 296911 is divided by 148451.
9
Calculate the remainder when 39715 is divided by 155.
35
Calculate the remainder when 46659 is divided by 2.
1
What is the remainder when 1720377 is divided by 22?
21
Calculate the remainder when 26922 is divided by 51.
45
Calculate the remainder when 257480 is divided by 30.
20
What is the remainder when 4470 is divided by 26?
24
Calculate the remainder when 10686 is divided by 261.
246
What is the remainder when 812 is divided by 810?
2
Calculate the remainder when 2180 is divided by 8.
4
Calculate the remainder when 16734111 is divided by 27.
24
Calculate the remainder when 62487 is divided by 336.
327
Calculate the remainder when 8586 is divided by 79.
54
Calculate the remainder when 584799 is divided by 190.
169
What is the remainder when 65450 is divided by 21554?
788
What is the remainder when 562454 is divided by 435?
434
Calculate the remainder when 2129 is divided by 53.
9
What is the remainder when 42775 is divided by 15?
10
What is the remainder when 50767 is divided by 76?
75
What is the remainder when 10292 is divided by 175?
142
What is the remainder when 13586 is divided by 184?
154
Calculate the remainder when 659086 is divided by 12.
10
Calculate the remainder when 186207 is divided by 39.
21
What is the remainder when 206925 is divided by 41385?
0
What is the remainder when 1272 is divided by 657?
615
Calculate the remainder when 14130355 is divided by 419.
418
What is the remainder when 112388 is divided by 167?
164
Calculate the remainder when 41172 is divided by 284.
276
Calculate the remainder when 1375 is divided by 19.
7
What is the remainder when 6993 is divided by 140?
133
Calculate the remainder when 27868 is divided by 2786.
8
What is the remainder when 606054 is divided by 1067?
1065
What is the remainder when 125841 is divided by 15730?
1
Calculate the remainder when 3056 is divided by 48.
32
Calculate the remainder when 4516 is divided by 1383.
367
Calculate the remainder when 102359 is divided by 157.
152
Calculate the remainder when 235425 is divided by 1353.
3
What is the remainder when 3269 is divided by 80?
69
What is the remainder when 8349 is divided by 332?
49
What is the remainder when 8782 is divided by 174?
82
Calculate the remainder when 915 is divided by 704.
211
Calculate the remainder when 4910 is divided by 447.
440
What is the remainder when 24633 is divided by 6093?
261
Calculate the remainder when 149614 is divided by 115.
114
What is the remainder when 14936 is divided by 272?
248
Calculate the remainder when 45590 is divided by 9101.
85
Calculate the remainder when 40691 is divided by 13487.
230
Calculate the remainder when 165 is divided by 61.
43
Calculate the remainder when 32247 is divided by 49.
5
What is the remainder when 2413199 is divided by 50?
49
What is the remainder when 348383 is divided by 79?
72
What is the remainder when 57800 is divided by 57786?
14
Calculate the remainder when 2692 is divided by 891.
19
Calculate the remainder when 26678 is divided by 156.
2
What is the remainder when 2085 is divided by 675?
60
What is the remainder when 3094 is divided by 2?
0
What is the remainder when 7159 is divided by 1190?
19
Calculate the remainder when 321188 is divided by 843.
5
Calculate the remainder when 1811516 is divided by 1184.
1180
Calculate the remainder when 204325 is divided by 147.
142
What is the remainder when 23181 is divided by 276?
273
What is the remainder when 131676 is divided by 33?
6
Calculate the remainder when 4617 is divided by 768.
9
What is the remainder when 184799 is divided by 1100?
1099
Calculate the remainder when 165466 is divided by 98.
42
What is the remainder when 4